{"id":1373,"date":"2021-02-19T21:09:41","date_gmt":"2021-02-19T20:09:41","guid":{"rendered":"https:\/\/www.spectrum-jugendhilfe.de\/freie-plaetze-im-traegereigenem-wohnraum-gemaess-%c2%a7-35-sgb-viii\/"},"modified":"2021-02-19T21:09:41","modified_gmt":"2021-02-19T20:09:41","slug":"freie-plaetze-im-traegereigenem-wohnraum-gemaess-%c2%a7-35-sgb-viii","status":"publish","type":"page","link":"https:\/\/www.spectrum-jugendhilfe.de\/de-einf\/freie-plaetze-im-traegereigenem-wohnraum-gemaess-%c2%a7-35-sgb-viii\/","title":{"rendered":"Freie Pl\u00e4tze im tr\u00e4gereigenem Wohnraum gem\u00e4\u00df \u00a7 35 SGB VIII"},"content":{"rendered":"","protected":false},"excerpt":{"rendered":"","protected":false},"author":1,"featured_media":0,"parent":0,"menu_order":0,"comment_status":"closed","ping_status":"closed","template":"","meta":{"footnotes":""},"class_list":["post-1373","page","type-page","status-publish","hentry"],"_links":{"self":[{"href":"https:\/\/www.spectrum-jugendhilfe.de\/de-einf\/wp-json\/wp\/v2\/pages\/1373","targetHints":{"allow":["GET"]}}],"collection":[{"href":"https:\/\/www.spectrum-jugendhilfe.de\/de-einf\/wp-json\/wp\/v2\/pages"}],"about":[{"href":"https:\/\/www.spectrum-jugendhilfe.de\/de-einf\/wp-json\/wp\/v2\/types\/page"}],"author":[{"embeddable":true,"href":"https:\/\/www.spectrum-jugendhilfe.de\/de-einf\/wp-json\/wp\/v2\/users\/1"}],"replies":[{"embeddable":true,"href":"https:\/\/www.spectrum-jugendhilfe.de\/de-einf\/wp-json\/wp\/v2\/comments?post=1373"}],"version-history":[{"count":0,"href":"https:\/\/www.spectrum-jugendhilfe.de\/de-einf\/wp-json\/wp\/v2\/pages\/1373\/revisions"}],"wp:attachment":[{"href":"https:\/\/www.spectrum-jugendhilfe.de\/de-einf\/wp-json\/wp\/v2\/media?parent=1373"}],"curies":[{"name":"wp","href":"https:\/\/api.w.org\/{rel}","templated":true}]}}

Freie Plätze im trägereigenem Wohnraum gemäß § 35 SGB VIII
